t) = t**3 - 5*t**2 - 9*t + 9. What is f(s)?
-9
Suppose -5*i = 3*x - 2*x - 25, -i = 4*x - 119. Let n = -39 + x. Let k = n + 15. Let t(y) = y**2 - 8*y. Determine t(k).
-12
Let k(t) = t + 1. Let q(x) = -2*x**2 + 7*x + 7. Let u(i) = 6*k(i) - q(i). Let h(n) = n**2 - 3*n + 1. Let y be h(1). What is u(y)?
2
Let p(o) = o**3 - 4*o**2 + 7*o - 9. Let r = -61 + 64. Let n be p(r). Let b(v) = 3*v - 4. Calculate b(n).
5
Suppose x = l + 9, 3*x = 6*l - 7*l + 7. Let h(m) be the third derivative of 4/3*m**3 + 0*m + 1/24*m**x + 0 + 3*m**2 - 1/120*m**6 - 2/15*m**5. Give h(-8).
0
Let w(b) = -3*b - 2*b**2 + b**2 - 4 + 2*b - 4. Let h = 42 - 42. Give w(h).
-8
Let p(l) = 13*l. Let m = 315 + -317. Determine p(m).
-26
Let d(z) = -z**2 + 8*z + 4. Let m be -2*(4 - 51*2/12). What is d(m)?
-5
Let u(o) = o**3 - o**2 + 2*o + 2. Let i(f) = f**2 - f - 1. Let r(c) = -2*i(c) - u(c). Let g(q) = 2*q - 43. Let p = -61 - -82. Let z be g(p). Give r(z).
0
Let r(w) = 4 - 16*w - 5 + w. Determine r(-1).
14
Suppose b + 2*g = 13, 18*g = -5*b + 15*g + 86. Let q(p) = -p**3 + 21*p**2 - 37*p - 18. What is q(b)?
1
Suppose -3*a - 123 = -117. Let y be (3/(-2))/((-15)/20). Let m(x) = -4*x**y + x**2 - 6*x + 4*x. What is m(a)?
-8
Let n(m) = 10*m + 1. Let c be (-20)/(-30) + 5*2/(-6). Determine n(c).
-9
Suppose -6*q = -3*q - 9. Let z be (-2)/q*(-2 + 4/8). Let a(t) = 3*t**2 + 1. Determine a(z).
4
Let k be -5 + 1*(7 - 24/4). Let a(b) = -11*b - 4. Give a(k).
40
Let p(n) be the third derivative of -n**6/120 - n**5/20 + n**4/12 - 9*n**3/2 + 40*n**2 - 2*n. Determine p(-5).
13
Let p(n) = -43*n + 3*n + 46*n. What is p(1)?
6
Let t(i) = 0 + 3*i - 8*i**2 - 132907*i**3 + 7 + 132906*i**3. Calculate t(-8).
-17
Let b(u) be the third derivative of 1/10*u**5 + 1/120*u**6 + 4/3*u**3 + u**2 + 0*u - 1/4*u**4 + 0. Suppose 81*w = 46*w - 245. Calculate b(w).
1
Let l(b) = -17*b**2 + 0 + 18*b**2 + 0. Let h(t) = -7*t**2 - 6*t - 8. Let a(d) = h(d) + 6*l(d). Determine a(-6).
-8
Let d(j) be the second derivative of -j**5/20 - 2*j**4/3 - 7*j**3/6 + j**2 + 9*j. Calculate d(-7).
2
Let o(y) = -y**3 - 16*y**2 + 2. Let t be o(-16). Suppose 4 = -3*n + 5*n, -2*p = t*n + 6. Let r(m) = -5*m**2 + 2 + 2*m**3 + 3*m - 3*m**3 - m. Determine r(p).
-8
Let d(q) = q**2 - 6*q + 7. Suppose 41 = 7*w - 64. Suppose 4*f = 9 + w. Determine d(f).
7
Let f(l) = 2*l**2 - 2*l + 1. Let j be 15/(-20) - (-10)/(-8). Let a(q) = -q**2 - 4*q - 3. Let s be a(j). Calculate f(s).
1
Let n(g) = 0*g**2 + 9*g + 8*g - 16*g + 5*g**2. Give n(1).
6
Suppose 4*t + 14 = 3*a, 4*a + 81 = -3*t + 133. Let h(z) = -3*z + 3. Determine h(a).
-27
Let t(n) = -n**2 + 6*n + 5. Let d(x) = 2*x - 11. Suppose -3*r + 3*b = -0*b - 27, 4*r = -5*b + 36. Let z be d(r). Calculate t(z).
-2
Suppose 0 = -m - 4, -4*m = -3*o + 104 + 317. Let q be ((4/(-10))/1)/((-9)/o). Let u(p) = p**3 - 6*p**2 - 2. Determine u(q).
-2
Suppose 5*c - 1 = 4*b, -4*c - 19 + 3 = b. Let g(l) = -3*l. Calculate g(b).
12
Let m(x) = -x**3 - 6*x**2 - 3*x + 6. Let d be m(-5). Let b = -8 - d. Let w be 2/b + (-4)/(-8). Let f(o) = o - 1. Determine f(w).
-1
Let c be (1620/(-24))/(3/(-4)). Suppose k + 4*k = c. Let x(p) = 14*p + 2 + 11*p - k*p. Calculate x(-2).
-12
Suppose -4 = 10*b + 6. Let v(y) = 11*y. Give v(b).
-11
Let k be (-354)/(-12) - 1/(-2). Let x(j) = 3 + k*j**2 - 33*j**2 - 4*j**3 + 4*j + 3*j**3. Determine x(-3).
-9
Suppose 0*d = -d + 2. Let h(b) = 3*b + d - 2 - 1. Give h(6).
17
Let u(l) = -425*l - 2*l**2 + 208*l - 2 + 211*l. Calculate u(-5).
-22
Let y(k) = 2*k**3 + k - 2. Let c be 5 + -1 - (-8)/8*-3. Determine y(c).
1
Let l(g) = 2*g**2 + 7*g + 5. Let t(p) = p**3 - 7*p**2 + 8*p - 16. Let v be t(6). Calculate l(v).
9
Let c = 0 - -5. Suppose c = -0*j - 5*j. Let q(f) = -5*f**2 + 4*f + 3. Let p(l) = -l**2 + l. Let s(g) = j*q(g) + 4*p(g). Give s(-3).
6
Suppose 4*q = -l + 10, -4*l + 12 = -0*q + 2*q. Let t(z) = 0*z**l - 4 + 51*z - z**2 - 46*z. Give t(3).
2
Let f(q) = -4*q + 1 - 57 + 49. Calculate f(9).
-43
Let a(g) = 8*g + 1. Let j(d) = 18*d + 2. Let i(t) = 14*a(t) - 6*j(t). What is i(-2)?
-6
Let r(s) = -s**2 - 6*s - 6. Let g(v) = 17*v + 9. Let i be g(-7). Let z = -116 - i. What is r(z)?
-6
Let v(q) = -7*q**2 - q - 22. Let k(c) = 13*c**2 + 3*c + 40. Let t(r) = -4*k(r) - 7*v(r). Calculate t(-5).
-56
Let l(w) = -8*w - 8 + w**2 + 2 - 2*w**2. Let b(j) = -j + 4. Let u be (7 + -2)/(2/4). Let n be b(u). What is l(n)?
6
Let l(f) = f**2 + f - 23. Suppose -203 = -4*q - 227. Give l(q).
7
Let w(d) = -d**2 + 8*d - 5. Let t be w(4). Let u = -4 + t. Let r(n) = -2*n + u*n + 4*n. Determine r(-1).
-9
Let j(i) = 34 - 98 + 33 + i + 30 + i**2. Let c be (0 - -3)*8/(-6). Let f = c - -6. Give j(f).
5
Let o(p) = -16*p - 59. Let g be o(-4). Let v(n) = 3*n - 20. Give v(g).
-5
Let x = 24 + -15. Let k(a) be the first derivative of -3*a**2 - a - x + 2*a**2 + 7 - a**2. Give k(-1).
3
Let s(d) be the first derivative of d**3 - d**2 + 3*d + 35. Calculate s(2).
11
Let b(j) = -j - 2. Let p(c) = -3*c**2 - 76*c - 30. Let y be p(-25). Determine b(y).
3
Let a = 176 + -180. Let w(c) = -8*c**2 - 2 - 6*c + 7*c**2 + 0*c**2. Calculate w(a).
6
Let n(w) = w + 1. Let a(q) = q**3 - 6*q**2 + 3. Let d be a(6). Suppose -d*t + 1 = 4*l, 5*l - 35 = -2*t + 5*t. Let f be 76/28 + l/14. Calculate n(f).
4
Let q(d) = -d**2 + 3 - d + 2*d**2 - 15*d**2 - d**2 - 1. Determine q(-2).
-56
Let w = -2 + 4. Suppose -4*z = -2*r, 0 = -2*z + 4*r - w - 10. Let j(f) = 0*f**2 + 0*f + 1 + f + z*f**3 - f**3 + f**2. What is j(-2)?
-5
Let b(f) = -f**2 + f + 4. Let r be b(0). Let z(o) = 54*o**2 + 20*o + 20. Let g(v) = -17*v**2 - 6*v - 6. Let t(k) = -16*g(k) - 5*z(k). Determine t(r).
12
Let g(r) be the first derivative of r**4/6 + r**3/2 + r**2/2 - 29*r + 28. Let z(j) be the first derivative of g(j). Calculate z(3).
28
Suppose -8*z = 16 + 8. Let l(n) = 8*n**2 + 5*n - 7. Let x(f) = -9*f**2 - 6*f + 8. Let h(k) = 6*l(k) + 5*x(k). Determine h(z).
25
Let h(x) be the second derivative of -x**3 - 3*x**2/2 + 2*x - 56. Determine h(3).
-21
Let b(j) be the third derivative of 0*j + 1/120*j**6 - 1/20*j**5 + 1/24*j**4 + 0*j**3 + 0 + j**2. What is b(2)?
-2
Let x(i) = -6324 - 18*i - 14*i**2 + 4*i + 6304 + i**3. What is x(15)?
-5
Suppose o - 6 = q, 17*o - 3*q + 18 = 20*o. Let j(a) = 8 - a**2 - a + 0 + 6*a. Determine j(o).
2
Let v = 1805 - 2825. Let r be (v/(-20))/((-3)/(-2)). Suppose -5*w + 14 = r. Let u(s) = s**3 + 2*s**2 - 6*s - 4. Give u(w).
-12
Let q(z) = -z**3 - 8*z**2 + z + 2. Let a(x) be the second derivative of -x**5/20 - x**3/3 + 2*x**2 + 8*x. Let c be a(2). Give q(c).
-6
Let m(z) = 4*z - 29. Suppose -v + 342 = 345, 3*o - 2*v = 30. What is m(o)?
3
Let a(f) = -25*f - 196. Let z be a(-8). Let l(r) = -r**2 - 2*r + 1. What is l(z)?
-23
Suppose 0 = -n - d + 9, 2*n = -5*d - 3 + 33. Let g(z) = -4*z**2 + 3*z + 1. Let x(q) = -5*q**2 + 3*q + 1. Let b(y) = n*x(y) - 6*g(y). Determine b(-6).
-19
Let l(o) = -o**3 + 9*o**2 - 9*o + 9. Let m be l(8). Let a(j) be the second derivative of -7*j**3/6 + j**2/2 - 6*j. What is a(m)?
-6
Let x(d) be the third derivative of -d**4/24 - 13*d**3/6 - 39*d**2 + 4. What is x(3)?
-16
Let p(d) be the first derivative of d**2/2 + 5*d + 257. Suppose 16 = -2*k + 4. Determine p(k).
-1
Let j(l) = l + 1. Suppose 2*v - 11 + 1 = 0. Suppose 1 + 9 = v*s. Suppose -s*q - q - 9 = 0. Calculate j(q).
-2
Let r = 9 - 13. Let g(o) be the first derivative of -1/4*o**4 - 54 + 3*o - 5/3*o**3 - 5/2*o**2. What is g(r)?
7
Let y(b) = -5*b**2 + 7*b - 16. Let q(r) = 14*r**2 - 17*r + 47. Let z(n) = 4*q(n) + 11*y(n). Determine z(-6).
-6
Let f(l) = l**3 - 9*l**2 - 6*l - 2. Let n(h) = -h**2 - h - 1. Let v(o) = f(o) - 5*n(o). Give v(4).
-1
Let x(p) = p**3 - 4*p**2 - 4*p + 6. Let k be (5/(5/14))/2. Let o = 666 + -663. Suppose 0 = k*z - o*z - 20. What is x(z)?
11
Suppose -5*l - 6 = -8*l. Let g(b) = -40*b + 35*b - 3 - 3*b**2 + 2*b**l. What is g(-4)?
1
Let i(b) = -2*b**2 + b - 32*b**2 + 22*b**2. What is i(-1)?
-13
Let v(l) = -l**2 - 9*l + 8. Let q be v(-10). Let d(c) be the third derivative of c**5/20 + c**4/24 - 2*c**2. Determine d(q).
10
Let d(q) be the second derivative of -q**5/10 - q**4/12 + q**3/3 + 3*q**2/2 - 254*q. What is d(2)?
-13
Let v = -116 + 143. Suppose -7*t = 2*t - v. Let j(h) = -5*h + 3. Calculate j(t).
-12
Let y(n) be the second derivative of -1/3*n**3 - 1/6*n**4 - 2 + 1/5*n**5 - 1/2*n**2 - 43*n. Give y(-1).
-5
Let r(o) = -2*o